{"id":29664,"date":"2019-08-28T08:25:19","date_gmt":"2019-08-27T22:25:19","guid":{"rendered":"http:\/\/www.wssc.vic.edu.au\/?page_id=29664"},"modified":"2019-09-11T10:21:54","modified_gmt":"2019-09-11T00:21:54","slug":"chuong-trinh-tu-van-huong-nghiep","status":"publish","type":"page","link":"https:\/\/www.wssc.vic.edu.au\/?page_id=29664","title":{"rendered":"CH\u01af\u01a0NG TR\u00ccNH T\u01af V\u1ea4N H\u01af\u1edaNG NGHI\u1ec6P"},"content":{"rendered":"<ul>\n<li>T\u01b0 v\u1ea5n ngh\u1ec1 nghi\u1ec7p v\u1ec1 c\u00e1c l\u1ef1a ch\u1ecdn Trung h\u1ecdc, \u0110\u1ea1i h\u1ecdc v\u00e0 TAFE<\/li>\n<li>Ch\u01b0\u01a1ng tr\u00ecnh th\u0103m quan c\u00e1c tr\u01b0\u1eddng \u0111\u1ea1i h\u1ecdc, v\u00e0 cao \u0111\u1eb3ng d\u1ea1y ngh\u1ec1 \u1edf Sydney v\u00e0 mi\u1ec1n Trung n\u01b0\u1edbc \u00dac, tr\u1ea1i b\u1ed3i d\u01b0\u1ee1ng k\u1ef9 n\u0103ng h\u1ecdc t\u1eadp d\u00e0nh cho L\u1edbp 12<\/li>\n<li>Ch\u00fang t\u00f4i c\u00f3 \u0111i\u1ec1u ph\u1ed1i vi\u00ean sinh vi\u00ean qu\u1ed1c t\u1ebf v\u00e0 c\u00e1c nh\u00e2n vi\u00ean h\u1ed7 tr\u1ee3 \u0111\u1ec3 \u0111\u1ea3m b\u1ea3o \u0111\u00e1p \u1ee9ng m\u1ecdi nhu c\u1ea7u li\u00ean quan \u0111\u1ebfn tuy\u1ec3n sinh, h\u00f2a nh\u1eadp, nh\u00e0 \u1edf, h\u01b0\u1edbng nghi\u1ec7p, theo d\u00f5i ti\u1ebfn \u0111\u1ed9 h\u1ecdc t\u1eadp v\u00e0 \u0111\u1ecbnh h\u01b0\u1edbng.<\/li>\n<\/ul>\n<p><img loading=\"lazy\" decoding=\"async\" class=\"wp-image-29703 size-full aligncenter\" src=\"http:\/\/www.wssc.vic.edu.au\/wp-content\/uploads\/2019\/08\/InternationalStudentProgram01.jpg\" alt=\"\" width=\"5792\" height=\"3861\" srcset=\"https:\/\/www.wssc.vic.edu.au\/wp-content\/uploads\/2019\/08\/InternationalStudentProgram01.jpg 5792w, https:\/\/www.wssc.vic.edu.au\/wp-content\/uploads\/2019\/08\/InternationalStudentProgram01-300x200.jpg 300w, https:\/\/www.wssc.vic.edu.au\/wp-content\/uploads\/2019\/08\/InternationalStudentProgram01-768x512.jpg 768w, https:\/\/www.wssc.vic.edu.au\/wp-content\/uploads\/2019\/08\/InternationalStudentProgram01-1024x683.jpg 1024w\" sizes=\"(max-width: 5792px) 100vw, 5792px\" \/><\/p>\n<p>&nbsp;<\/p>\n<p>Department of Education &amp; Training<br \/>\n<strong>CRICOS Provider Code: 00861K<\/strong><\/p>\n","protected":false},"excerpt":{"rendered":"<p>T\u01b0 v\u1ea5n ngh\u1ec1 nghi\u1ec7p v\u1ec1 c\u00e1c l\u1ef1a ch\u1ecdn Trung h\u1ecdc, \u0110\u1ea1i h\u1ecdc v\u00e0 TAFE Ch\u01b0\u01a1ng tr\u00ecnh th\u0103m quan c\u00e1c tr\u01b0\u1eddng \u0111\u1ea1i h\u1ecdc, v\u00e0 cao \u0111\u1eb3ng&#8230;<\/p>\n","protected":false},"author":1,"featured_media":0,"parent":29656,"menu_order":0,"comment_status":"closed","ping_status":"closed","template":"","meta":{"footnotes":""},"class_list":["post-29664","page","type-page","status-publish","hentry"],"_links":{"self":[{"href":"https:\/\/www.wssc.vic.edu.au\/index.php?rest_route=\/wp\/v2\/pages\/29664"}],"collection":[{"href":"https:\/\/www.wssc.vic.edu.au\/index.php?rest_route=\/wp\/v2\/pages"}],"about":[{"href":"https:\/\/www.wssc.vic.edu.au\/index.php?rest_route=\/wp\/v2\/types\/page"}],"author":[{"embeddable":true,"href":"https:\/\/www.wssc.vic.edu.au\/index.php?rest_route=\/wp\/v2\/users\/1"}],"replies":[{"embeddable":true,"href":"https:\/\/www.wssc.vic.edu.au\/index.php?rest_route=%2Fwp%2Fv2%2Fcomments&post=29664"}],"version-history":[{"count":3,"href":"https:\/\/www.wssc.vic.edu.au\/index.php?rest_route=\/wp\/v2\/pages\/29664\/revisions"}],"predecessor-version":[{"id":29854,"href":"https:\/\/www.wssc.vic.edu.au\/index.php?rest_route=\/wp\/v2\/pages\/29664\/revisions\/29854"}],"up":[{"embeddable":true,"href":"https:\/\/www.wssc.vic.edu.au\/index.php?rest_route=\/wp\/v2\/pages\/29656"}],"wp:attachment":[{"href":"https:\/\/www.wssc.vic.edu.au\/index.php?rest_route=%2Fwp%2Fv2%2Fmedia&parent=29664"}],"curies":[{"name":"wp","href":"https:\/\/api.w.org\/{rel}","templated":true}]}}