{"id":29667,"date":"2019-08-28T08:26:57","date_gmt":"2019-08-27T22:26:57","guid":{"rendered":"http:\/\/www.wssc.vic.edu.au\/?page_id=29667"},"modified":"2019-09-11T10:20:31","modified_gmt":"2019-09-11T00:20:31","slug":"ho-tro-nang-cao-tieng-anh","status":"publish","type":"page","link":"https:\/\/www.wssc.vic.edu.au\/?page_id=29667","title":{"rendered":"H\u1ed6 TR\u1ee2 N\u00c2NG CAO TI\u1ebeNG ANH"},"content":{"rendered":"<p>H\u1ecdc sinh qu\u1ed1c t\u1ebf ngo\u00e0i vi\u1ec7c theo h\u1ecdc c\u00e1c ch\u01b0\u01a1ng tr\u00ecnh nh\u01b0 m\u1ecdi h\u1ecdc sinh \u00dac kh\u00e1c c\u00f2n \u0111\u01b0\u1ee3c t\u1eadp trung \u0111\u1ec3 n\u00e2ng cao kh\u1ea3 n\u0103ng s\u1eed d\u1ee5ng ti\u1ebfng Anh ph\u1ee5c v\u1ee5 cho vi\u1ec7c h\u1ecdc l\u00ean c\u1ea5p \u0111\u1ea1i h\u1ecdc v\u00e0 cao \u0111\u1eb3ng.<br \/>\nCh\u01b0\u01a1ng tr\u00ecnh h\u1ed7 tr\u1ee3 ti\u1ebfng Anh \u0111\u01b0\u1ee3c th\u1ef1c hi\u1ec7n th\u01b0\u1eddng xuy\u00ean theo nh\u00f3m nh\u1ecf, ho\u1eb7c 1 h\u1ecdc sinh 1 gi\u00e1o vi\u00ean. Gi\u00e1o vi\u00ean ti\u1ebfng Anh c\u1ee7a ch\u00fang t\u00f4i ngo\u00e0i vi\u1ec7c h\u1ed7 tr\u1ee3 kh\u1ea3 n\u0103ng s\u1eed d\u1ee5ng ti\u1ebfng Anh c\u00f2n t\u1eadp trung h\u1ed7 tr\u1ee3 v\u00e0 n\u00e2ng cao vi\u1ec7c s\u1eed d\u1ee5ng ti\u1ebfng Anh c\u1ee7a h\u1ecdc sinh trong t\u1ea5t c\u1ea3 c\u00e1c m\u00f4n h\u1ecdc kh\u00e1c. Ch\u00fang t\u00f4i c\u00f3 m\u1ed9t trung t\u00e2m h\u1ed7 tr\u1ee3 ri\u00eang d\u00e0nh cho h\u1ecdc sinh qu\u1ed1c t\u1ebf, n\u01a1i c\u00e1c em c\u00f3 th\u1ec3 g\u1eb7p g\u1ee1 trao \u0111\u1ed5i v\u00e0 y\u00eau c\u1ea7u tr\u1ee3 gi\u00fap khi c\u1ea7n.<\/p>\n<p><img loading=\"lazy\" decoding=\"async\" class=\" wp-image-28239 aligncenter\" src=\"http:\/\/www.wssc.vic.edu.au\/wp-content\/uploads\/2018\/06\/Library_web.jpg\" alt=\"\" width=\"1101\" height=\"635\" srcset=\"https:\/\/www.wssc.vic.edu.au\/wp-content\/uploads\/2018\/06\/Library_web.jpg 6000w, https:\/\/www.wssc.vic.edu.au\/wp-content\/uploads\/2018\/06\/Library_web-300x173.jpg 300w, https:\/\/www.wssc.vic.edu.au\/wp-content\/uploads\/2018\/06\/Library_web-768x443.jpg 768w, https:\/\/www.wssc.vic.edu.au\/wp-content\/uploads\/2018\/06\/Library_web-1024x591.jpg 1024w\" sizes=\"(max-width: 1101px) 100vw, 1101px\" \/><\/p>\n<p>&nbsp;<\/p>\n<p>Department of Education &amp; Training<br \/>\n<strong>CRICOS Provider Code: 00861K<\/strong><\/p>\n","protected":false},"excerpt":{"rendered":"<p>H\u1ecdc sinh qu\u1ed1c t\u1ebf ngo\u00e0i vi\u1ec7c theo h\u1ecdc c\u00e1c ch\u01b0\u01a1ng tr\u00ecnh nh\u01b0 m\u1ecdi h\u1ecdc sinh \u00dac kh\u00e1c c\u00f2n \u0111\u01b0\u1ee3c t\u1eadp trung \u0111\u1ec3 n\u00e2ng cao kh\u1ea3&#8230;<\/p>\n","protected":false},"author":1,"featured_media":0,"parent":29656,"menu_order":0,"comment_status":"closed","ping_status":"closed","template":"","meta":{"footnotes":""},"class_list":["post-29667","page","type-page","status-publish","hentry"],"_links":{"self":[{"href":"https:\/\/www.wssc.vic.edu.au\/index.php?rest_route=\/wp\/v2\/pages\/29667"}],"collection":[{"href":"https:\/\/www.wssc.vic.edu.au\/index.php?rest_route=\/wp\/v2\/pages"}],"about":[{"href":"https:\/\/www.wssc.vic.edu.au\/index.php?rest_route=\/wp\/v2\/types\/page"}],"author":[{"embeddable":true,"href":"https:\/\/www.wssc.vic.edu.au\/index.php?rest_route=\/wp\/v2\/users\/1"}],"replies":[{"embeddable":true,"href":"https:\/\/www.wssc.vic.edu.au\/index.php?rest_route=%2Fwp%2Fv2%2Fcomments&post=29667"}],"version-history":[{"count":4,"href":"https:\/\/www.wssc.vic.edu.au\/index.php?rest_route=\/wp\/v2\/pages\/29667\/revisions"}],"predecessor-version":[{"id":29850,"href":"https:\/\/www.wssc.vic.edu.au\/index.php?rest_route=\/wp\/v2\/pages\/29667\/revisions\/29850"}],"up":[{"embeddable":true,"href":"https:\/\/www.wssc.vic.edu.au\/index.php?rest_route=\/wp\/v2\/pages\/29656"}],"wp:attachment":[{"href":"https:\/\/www.wssc.vic.edu.au\/index.php?rest_route=%2Fwp%2Fv2%2Fmedia&parent=29667"}],"curies":[{"name":"wp","href":"https:\/\/api.w.org\/{rel}","templated":true}]}}